
-58
What is 29 + -12 + -18 + (35 - -3)?
37
What is the value of -20 + (4 - 7) + -7 + (6 - 8 - -4)?
-28
What is the value of -26 - (-2 - (-7 + 53 + -1))?
21
(7 - (1 - (-6 + 14 - 28))) + 7
-7
Evaluate 5693 - 5734 - (-108 - -2).
65
What is the value of 202 + 60 + -260 + -2 + -16?
-16
Calculate -67 - (-12 + (-30 - -25) + 17 + (-1 - 7)).
-59
What is (-34 - -126) + (14 - (10 + -14 - -38))?
72
Evaluate 51 + (-21 - -53 - 121).
-38
-113 + 87 + 5 + 4 - -73
56
Evaluate (-38 - 69) + -244 + 383.
32
Evaluate 1764 + -1768 + 0 + 3 + 4 + -3 + -72.
-72
Calculate 47 + -8 + (29 - 65 - 70).
-67
Evaluate -21 - (-5 - -19 - -2).
-37
-5 - (0 + -6) - (-5 - 49) - (-80 - -78)
57
Evaluate 14 - 1 - (-513 - -263 - -125).
138
What is -27 + (23 + 11 - 16 - 19)?
-28
Evaluate (20 + -1 - (-978 - -987)) + -26.
-16
Calculate 15 + -112 + 4 + 14.
-79
3 - 80 - (2 + 1 + 19 + -16) - -8
-75
5 + 49 + (37 + -29 - 13)
49
(2 + -12 - ((-2 - (-7 + -3)) + -4)) + 9
-5
Evaluate (-32 - -6) + 0 + 6 - (-3 + 0 - -7).
-24
What is the value of -8 + (-16 - -22 - (1 - -56))?
-59
Calculate -2 + (-134 - -97) + (-2 + 0 - -4).
-37
What is the value of -113 + (-75 + 244 - 71)?
-15
Calculate 4 + -24 + 5 - (2 - (-1 - 22)) - 10.
-50
Evaluate -22 + 2 - 4 - (-58 + 27 + 22).
-15
What is the value of 55 - 70 - (3 - 7 - 0) - -5 - 14?
-20
What is the value of -25 + -6 + (8 - (-4 - 2))?
-17
Evaluate (15 + 3 + -19 - (13 + -1)) + (-2 - -109).
94
What is the value of -398 + 267 + 114 - (0 - -119)?
-136
Calculate (3 - 2 - (4 - 0)) + 5387 + -5354.
30
-7 + 157 + (-57 - (-57 + 24))
126
Calculate (9 - 3 - 76) + (-13 - (-28 + 18 - 11)).
-62
What is 1078 + -1144 - (-18 - (-1 + -1))?
-50
Evaluate (2 - -8 - 2) + -3864 + 3872.
16
What is the value of 1 + -90 - ((-5 - -23) + -419 + 399)?
-87
What is 11 + -6 + (-17 + 18 - 10) - (4 - 0)?
-8
11 + -14 + -52 + -8 + 2 + 3 + -4
-62
What is 52 + (47 - (152 - 28))?
-25
What is -40 + 54 + -3 + 26 + 2?
39
Calculate 9 - (109 + -33 + -35).
-32
Calculate 14 - ((14 - 21) + 26) - -61 - (-4 + 15).
45
Evaluate (1 - 7) + 36 + 12 + 0 + -15.
27
Evaluate 6 + -10 + (75 - (-7 - -7 - 0)).
71
What is -32 - -3 - (-39 - -31)?
-21
What is -8 - (-47 + (31 + -14 + -9 - -4))?
27
What is -11 + 4 + 8 + 7 - (4 - 53)?
57
What is the value of (-36 - (-45 + 23) - -41) + 40?
67
What is the value of 13 + (30 - 5) + -8 - -64?
94
Evaluate 22 + (-2 - -15) + (-14 - (0 - 7)).
28
(12 + -33 - (-1 - -6)) + 15
-11
What is the value of -16 + 19 + -18 - (3 + -2 + -7) - -26?
17
Evaluate -68 - (11 - -7 - 32) - -22.
-32
What is the value of -63 - (0 + -59) - (2 + 16)?
-22
Evaluate -22 + -2 + -1 + (30 - 10).
-5
Calculate 268 + -259 + (-16 - 14).
-21
What is 35 - (418 + -427 - (-2 + -15))?
27
Calculate 0 + 46 + -64 + 36 - 57.
-39
What is the value of 44 + -30 + -51 + 45 - (-41 + 1)?
48
What is the value of 174 + 2 + 32 + 19 + -89?
138
What is the value of -57 + 92 + -72 - (-1 + 1)?
-37
What is 262 + -269 + (10 - (10 + -12))?
5
12 + 2 - ((18 - 8) + 21 + -133)
116
What is (-31 + 20 - (-10 - 1)) + -40 + 2?
-38
Evaluate -2 + -30 + 29 + -4 + 8 - -4.
5
4 + (9 - (-1 - (7 + -7 - (9 + -20))))
25
What is (-90 - 2) + (-3 + 25 - (2 + 1 + 10))?
-83
What is (3 - (-7 - (1 + -8))) + 2 - (-6 + 6)?
5
What is the value of -2 + -3 - (1 - -9) - (186 - 116)?
-85
What is 6 - (12 - (-37 - -26)) - -9?
-8
-26 - -4 - (13 - (68 + 1))
34
-9 + (14 - ((-24 - -18) + 5))
6
What is -75 + -28 + (-49 - -77)?
-75
-42 + (41 - 21) + 1
-21
Evaluate -50 + 1 + (6 - 7).
-50
31 - ((21 - (19 - (31 - 17))) + -2 + -6)
23
What is -37 + 1 + (28 - (-27 + 71) - -22)?
-30
What is 36 - 27 - 35 - (6 - 8)?
-24
Calculate -25 + ((-68 - -10) + 14 - -93).
24
Evaluate 7 + 3 + (-64 - -15) + -12.
-51
Calculate 10 + (66 - 69 - 75).
-68
What is 1 - -136 - (7582 + -7515)?
70
Evaluate -2 + 2 + 22 + (206 - 68 - 152) - 43.
-35
Calculate (-46 - (-19 + -128)) + -42.
59
6 + -15 - (1278 + -1234)
-53
(-69 - -22) + 19 + 45 + 0
17
What is the value of -76 - -78 - (1 - -6) - 27?
-32
What is -53 - (-74 - (-8 - 29))?
-16
Evaluate 3 + 118 + (38 - 49) - (-5 - (-6 + -10)).
99
Calculate -88 + 8 + 58 - 87.
-109
Evaluate -2 + 34 + 28 - 122.
-62
What is -62 + -17 + 106 + -9?
18
What is (13 - (0 - -25) - 4) + 0 + 5?
-11
Evaluate (135 - 119) + (-15 - -5).
6
What is 77 + (0 - -10) + (106 - 117 - (-4 + 9))?
71
(78 - -1) + ((-48 + 20 - 6) + 18 - -7)
70
What is 3 + (11 - 1) + 765 + -768?
10
1 + -2 + -7 + -2 + (60 - 48)
2
What is the value of (-56 - 5) + -182 + 352?
109
-13 + (6 - (-15 + -2 - (126 + -138))) - 37
-39
Evaluate -39 - ((46 - 114) + 13).
16
What is the value of (23 + -56 + 14 - -67) + 16?
64
57 + (4 + -30 - 20) + 38
49
Evaluate 44 + (41 + 6 + -74 - 50).
-33
Evaluate -17 + -29 + (-12 - -7 - -38).
-13
What is (9 - (9 + -44)) + (-3 + 15 - 20)?
36
What is the value of (11 + -5 - -6) + ((10 - 20) + -1 - -9)?
10
Calculate (-13 - -30 - 22) + (-1 - 2) + -2 - -1.
-9
43 - (70 - 122) - 93
2
What is the value of 2 + (32 + 1 - 28) + 33?
40
What is the value of -10 + 101 + -3 + -12 + 21?
97
Evaluate 238 - 277 - (-4 + -2).
-33
18 - -2 - (161 + -130) - 38
-49
Evaluate (-9 + -1 - -36) + -10 + -49.
-33
What is the value of 84 + (13 - (22 - (-17 + (23 - -13))))?
94
Calculate -5 + 3 - -12 - (163 + -157).
4
2 - (0 - 6 - (22 - (-6 + -8) - 6))
38
What is the value of 0 - -117 - ((51 - 49) + 12 + -30)?
133
-1 + 2 + -11 - (161 + (-119 - 28))
-24
What is the value of -28194 - -28208 - (87 + 0)?
-73
What is -5054 + 5078 + (-1 - -26)?
49
What is the value of -14 - (45 + -42 - (-2 + -5))?
-24
8 - ((-6 - -21) + 4 + (-31 - -29))
-9
Evaluate 12 - (4 + 1) - ((-21 - -57) + 3 - 17).
-15
What is the value of (-31 + 33 + -1 - 8) + 25?
18
What is the value of 4 + (-40 - 17) - -35?
-18
Calculate (27 - (19 - (34 - -2))) + (11 - 3 - 3).
49
Calculate -55 + (22 - (-53 + 62)).
-42
Calculate (7 - (18 + (-8 - 17))) + 126 + 12.
152
2 + -3 + -14 + (-6 - (-3 + 3 + -11))
-10
Calculate (14 - 21) + -13 - (-73 + -20 - 2).
75
2 - (4 - ((30 - 14) + -13 - -75))
76
(-26 - (-16 - (42 + -51))) + 2 + -43
-60
What is 68 - 63 - (9 - 15 - -62)?
-51
Evaluate 24 + 15 + 31 + 22.
92
Calculate -10 + -5 - (1962 + -1930).
-47
What is (25 + 19 - 22 - -4) + -6?
20
What is the value of -55 + (206 + -189 - (0 + 7) - 12)?
-57
What is the value of 33 - (60 - (16 + -1)) - 70?
-82
-83 + (53 - (44 + -7))
-67
Calculate (-37 - (-206 + 172)) + 1 + 1 + -40 + 0.
-41
Calculate (180 - (-29 - -237)) + (120 - 0).
92
What is the value of 162 + -136 - ((15 - 8) + -25)?
44
What is the value of 6 + 63 + -138 - -19?
-50
-9 + (-8 - -10) + -3 + -29
-39
Calculate 16 + 16 - (-9 - -46) - (-37 + 1).
31
Evaluate 40 - ((55 - 58) + 21).
22
-95 + 55 + -13 + -15 - -20
-48
Calculate -36 + (-13 - (-22 - -5) - 8).
-40
Calculate (-54 + -62 - -111) + 74.
69
What is the value of 54 - 47 - (24 - (9 - 7)) - 35?
-50
(414 - 412) + (-110 - 2) + (13 - 3 - 14)
-114
9 + -4 + 2 - (8 + -3) - -19
21
What is the value of (28 - 30) + -6 - (-9 - 1) - -26?
28
What is (-77 - 1 - -66) + 56 + 2?
46
What is -14 + 103 + (-28 - 32)?
29
Calculate -72 + (-3 - -32) - -48.
5
What is 1 + -7 - ((8 - (-7 + -45 + 7)) + -17)?
-42
What is the value of 49 + (39 - 132 - -50)?
6
Calculate (3 - -7) + -2 + 50 + -34 + 39.
63
Evaluate 82 + -116 - (118 + (18 - 43)).
-127
Evaluate 28 + -10 + -60 + 62.
20
What is -5 + 4 + -17 + (49 - -4)?
35
What is the value of (61 - 58) + -7 + -6 + (93 - -7)?
90
What is the value of 6 - (3 - (-4 - -35) - (-109 - -95) - 27)?
47
(208 + -150 - 34) + -27
-3
(2 - 3) + -2 - ((-19 - (33 - 3)) + 8)
38
Calculate -7 + (6 - 33) - (27 + -38) - 1.
-24
-1 - (1 + -20) - (14 + -17) - 7
14
What is the value of -6 + (-13 - -34) - (-3 - (-12 + 12 + 34))?
52
What is 9 - (-7 - -9 - 3)?
10
Evaluate -44 + -6 + 28 + -2 + 7 + 3.
-14
-13 + (-5 + -6 - -14 - -13) - -7
10
Calculate 6 + -38 - ((65 - 38) + -25).
-34
What is -747 + 693 + (-4 - ((2 - 3) + 1))?
-58
Evaluate -49 + 16 + 33 + 13 + -1 + -45.
-33
What is the value of 3 + 2 - (39 - (-34 + 57)) - -49?
38
What is the value of (22 + -52 + 9 - (0 + -12)) + 19 - 26?
-16
What is the value of 3 - (4 + (-105 - -137 - (2 - 9 - 1)))?
-41
53 - (39 + -27) - (-37 + 2)
76
Evaluate 3 - 27 - (-99 - (-26 + -29)).
20
Evaluate (-20074 - -20041) + (-5 - 0).
-38
-8 - (-10 + (6 - 53) + 12)
37
(-40 - -43) + 11 + 3
17
What is -27 + (-3 - (-1 - 6) - (-14 + 28))?
-37
Evaluate 1 - (46 - (-13 - -32) - 63).
37
Calculate 27